520?
False
Is 50696303 a multiple of 20?
False
Does 71 divide 78552430?
False
Is 17 a factor of 57903479?
True
Is 705379955 a multiple of 120?
False
Is 28919585 a multiple of 5?
True
Is 2553037 even?
False
Does 59 divide 189175439?
False
Is 1369 a factor of 88054080?
True
Is 118 a factor of 256315824?
True
Does 144 divide 29057094?
False
Is 30 a factor of 1142682180?
True
Is 6026 a factor of 71775686?
True
Does 6 divide 23551116?
True
Is 1958 a factor of 662389442?
True
Does 4312 divide 772788016?
True
Does 4 divide 219727?
False
Is 464479796 a multiple of 776?
False
Does 9 divide 13041909?
True
Is 167 a factor of 969435?
True
Is 3583906445 a multiple of 133?
True
Is 7101480 a multiple of 310?
True
Does 3009 divide 290678427?
True
Does 86 divide 10897005?
False
Is 43113609 a multiple of 11?
True
Is 431863040 a multiple of 560?
True
Is 28 a factor of 1547451673?
False
Is 355 a factor of 42620945?
True
Is 285786476 a multiple of 3331?
True
Does 5474 divide 2026891207?
False
Is 1647672873 a multiple of 1617?
True
Is 649 a factor of 12708666?
False
Is 1006360 a multiple of 556?
True
Is 38 a factor of 103656899?
False
Is 7 a factor of 983301158?
True
Is 25917109 a multiple of 56?
False
Is 51386908 a multiple of 1828?
True
Does 590 divide 220391550?
True
Is 75 a factor of 1164301179?
False
Does 13 divide 1128577801?
True
Does 680 divide 88874640?
True
Is 123114511 a multiple of 7?
False
Does 4 divide 661119788?
True
Is 60391839 a multiple of 101?
True
Is 10 a factor of 970689443?
False
Is 975 a factor of 403575274?
False
Is 550221364 a multiple of 23?
True
Is 645 a factor of 490873380?
True
Is 28970590 a multiple of 22?
True
Is 54 a factor of 221996855?
False
Is 10537020 a multiple of 45?
True
Is 199 a factor of 10308883?
False
Does 72 divide 517564935?
False
Is 16 a factor of 805952902?
False
Does 18 divide 1876518?
True
Is 69799311 a multiple of 19?
False
Is 240 a factor of 4556869680?
True
Is 2099036920 a multiple of 40?
True
Does 291 divide 33400739?
False
Is 182152167 a multiple of 4661?
False
Is 25 a factor of 111848069?
False
Is 1433319696 a multiple of 48?
True
Does 2042 divide 1177848062?
True
Does 524 divide 54049921?
False
Does 12179 divide 4691034146?
True
Is 31 a factor of 764646589?
True
Is 12999076 a multiple of 116?
True
Is 88 a factor of 136312968?
True
Is 12 a factor of 275687618?
False
Does 433 divide 561286605?
False
Does 63 divide 24440346?
True
Does 38 divide 123304376?
True
Is 1719521044 a multiple of 26?
False
Does 5459 divide 211891085?
True
Is 1232 a factor of 1481863152?
True
Is 72 a factor of 3799440?
True
Is 63201115 a multiple of 2637?
False
Does 6 divide 944089?
False
Does 5 divide 307404714?
False
Is 8654 a factor of 1501607464?
True
Does 1146 divide 511077036?
True
Is 111952548 a multiple of 14?
False
Is 12 a factor of 269905044?
True
Is 130906071 a multiple of 1922?
False
Does 213 divide 275011957?
False
Does 15 divide 66091395?
True
Is 8020790 a multiple of 1978?
True
Is 100 a factor of 34231281?
False
Does 12 divide 216148854?
False
Does 86 divide 4506085?
False
Is 168248733 a multiple of 10371?
True
Does 12 divide 295161888?
True
Is 76673329 a multiple of 127?
True
Is 131270466 a multiple of 99?
False
Is 297169999 a multiple of 13?
False
Is 13399477 a multiple of 2977?
True
Is 119 a factor of 504472892?
True
Is 59086537 a multiple of 26?
False
Is 6490 a factor of 679509663?
False
Is 25 a factor of 12035529?
False
Is 61681046 a multiple of 14?
True
Does 3081 divide 2775981?
True
Is 159944664 a multiple of 44?
True
Is 2415449029 a multiple of 17?
True
Does 195 divide 522518711?
False
Does 228 divide 4889523?
False
Is 313 a factor of 933104717?
False
Is 2758 a factor of 37032613?
False
Is 16 a factor of 9682512?
True
Does 705 divide 694914325?
False
Does 977 divide 252865674?
False
Does 90 divide 3670650?
True
Is 19 a factor of 3249029830?
True
Is 985 a factor of 57113425?
False
Does 2843 divide 281516703?
True
Is 11 a factor of 168802029?
True
Does 152 divide 356150857?
False
Does 40 divide 17272691?
False
Is 484707906 a multiple of 927?
True
Is 132074382 a multiple of 51?
False
Is 301970116 a multiple of 19?
True
Is 51 a factor of 46210877?
False
Is 3343 a factor of 1120416479?
True
Is 50 a factor of 115230050?
True
Is 17 a factor of 38692816?
True
Is 115039680 a multiple of 3021?
True
Does 3284 divide 304397244?
True
Does 48 divide 3086238432?
True
Does 63 divide 84657576?
False
Is 7 a factor of 1179125689?
True
Is 3235370391 a multiple of 111?
True
Is 42 a factor of 147310884?
True
Is 3 a factor of 3690560?
False
Is 33995577 a multiple of 23?
False
Is 111 a factor of 2672658?
True
Is 5 a factor of 187437970?
True
Is 709876750 a multiple of 29?
False
Does 351 divide 903929949?
True
Is 23 a factor of 5359764909?
False
Is 7 a factor of 51031605?
False
Is 3776689 a multiple of 211?
True
Is 1602098895 a multiple of 3062?
False
Does 401 divide 67727296?
True
Does 10 divide 2849197480?
True
Is 208670795 a multiple of 2?
False
Is 110 a factor of 2665153754?
False
Is 124 a factor of 138714956?
True
Is 182 a factor of 251231526?
True
Does 138 divide 118892741?
False
Is 391 a factor of 9785825?
False
Does 33 divide 21615132?
True
Does 305 divide 34669350?
True
Is 149062619 a multiple of 30?
False
Is 172873573 a multiple of 68?
False
Does 2112 divide 182319898?
False
Does 44 divide 15224616?
True
Is 550 a factor of 1162120159?
False
Does 31 divide 5013909?
True
Is 3020 a factor of 52076823?
False
Does 132 divide 1038689520?
True
Is 12 a factor of 21393360?
True
Is 220669100 a multiple of 796?
False
Is 4199031846 a multiple of 21?
False
Does 15 divide 275213044?
False
Does 8 divide 145775843?
False
Does 803 divide 28814863?
False
Does 14 divide 1077474057?
False
Is 319 a factor of 184711208?
True
Is 413 a factor of 198561314?
True
Is 599896386 a multiple of 114?
True
Does 64 divide 203883200?
True
Does 159 divide 25527474?
False
Is 17718252 a multiple of 932?
True
Is 3832112 a multiple of 424?
True
Is 37 a factor of 7503555?
False
Does 622 divide 4812545951?
False
Is 1924 a factor of 488559934?
False
Is 119 a factor of 24449684?
False
Is 64830364 a multiple of 4?
True
Does 8579 divide 2545620933?
True
Does 91 divide 1979043703?
True
Is 1534732784 a multiple of 208?
True
Is 770 a factor of 139228445?
False
Is 10697212 a multiple of 68?
False
Does 18 divide 55469392?
False
Is 23274721 a multiple of 2?
False
Does 1997 divide 953094639?
False
Is 3028 a factor of 2080229944?
True
Does 87 divide 28365138?
False
Is 4 a factor of 9743256?
True
Is 99543667 a multiple of 405?
False
Is 15131875 a multiple of 214?
False
Is 41610247 a multiple of 29?
False
Does 14 divide 193197061?
False
Does 27 divide 8196957?
True
Does 14 divide 121856812?
True
Is 9 a factor of 2010733335?
True
Is 613 a factor of 199384541?
False
Does 11 divide 14155944?
True
Is 1116049202 a multiple of 3988?
False
Is 400 a factor of 44116766?
False
Is 1908 a factor of 1402286508?
True
Does 10 divide 439980388?
False
Is 16531241 a multiple of 41?
True
Is 196 a factor of 28469980?
True
Does 1200 divide 109062000?
True
Is 413953624 a multiple of 11?
False
Is 731 a factor of 3251573063?
False
Is 12 a factor of 545756391?
False
Does 442 divide 317588492?
True
Does 252 divide 33816888?
True
Does 53 divide 1201298742?
True
Is 1704 a factor of 279528404?
False
Does 1380 divide 2390106180?
True
Is 50369555 a multiple of 1398?
False
Is 41619714 a multiple of 37?
False
Is 763663371 a multiple of 4724?
False
Is 401 a factor of 6276808?
False
Does 36 divide 3371134032?
True
Does 2175 divide 1982255850?
True
Does 1537 divide 51761549?
True
Is 929555804 a multiple of 462?
False
Is 731837185 a multiple of 145?
True
Is 1701497 a multiple of 217?
True
Is 11 a factor of 2525877705?
False
Is 2 a factor of 2558291?
False
Is 52718553 a multiple of 155?
False
Is 10237536 a multiple of 612?
True
Is 54908880 a multiple of 80?
True
Does 160 divide 680297440?
True
Is 268867060 a multiple of 11?
True
Does 33 divide 393508170?
True
Is 53398836 a multiple of 6?
True
Is 881 a factor of 3437619248?
False
Is 8 a factor of 3167176048?
True
Is 13 a factor of 134774055?
True
Is 4 a factor of 15358732?
True
Is 114 a factor of 269369923?
False
Is 96307342 a multiple of 2206?
True
Does 1196 divide 352